{"id":16650,"date":"2020-02-24T22:15:15","date_gmt":"2020-02-24T22:15:15","guid":{"rendered":"https:\/\/demo01.houzez.co\/?page_id=16650"},"modified":"2023-02-04T00:09:57","modified_gmt":"2023-02-04T00:09:57","slug":"about","status":"publish","type":"page","link":"https:\/\/myrealtors.com.mx\/index.php\/about\/","title":{"rendered":"About"},"content":{"rendered":"\t\t<div data-elementor-type=\"wp-page\" data-elementor-id=\"16650\" class=\"elementor elementor-16650\">\n\t\t\t\t\t\t<section class=\"elementor-section elementor-top-section elementor-element elementor-element-5b81e21 elementor-section-height-min-height animated-slow elementor-section-boxed elementor-section-height-default elementor-section-items-middle elementor-invisible\" data-id=\"5b81e21\" data-element_type=\"section\" data-settings=\"{&quot;background_background&quot;:&quot;classic&quot;,&quot;animation&quot;:&quot;fadeIn&quot;}\">\n\t\t\t\t\t\t\t<div class=\"elementor-background-overlay\"><\/div>\n\t\t\t\t\t\t\t<div class=\"elementor-container elementor-column-gap-default\">\n\t\t\t\t\t<div class=\"elementor-column elementor-col-100 elementor-top-column elementor-element elementor-element-ad367f8\" data-id=\"ad367f8\" data-element_type=\"column\">\n\t\t\t<div class=\"elementor-widget-wrap elementor-element-populated\">\n\t\t\t\t\t\t<div class=\"elementor-element elementor-element-0e7939f elementor-widget elementor-widget-heading\" data-id=\"0e7939f\" data-element_type=\"widget\" data-widget_type=\"heading.default\">\n\t\t\t\t<div class=\"elementor-widget-container\">\n\t\t\t\t\t<h1 class=\"elementor-heading-title elementor-size-default\">Nosotros<\/h1>\t\t\t\t<\/div>\n\t\t\t\t<\/div>\n\t\t\t\t\t<\/div>\n\t\t<\/div>\n\t\t\t\t\t<\/div>\n\t\t<\/section>\n\t\t\t\t<section class=\"elementor-section elementor-top-section elementor-element elementor-element-3167039 elementor-section-boxed elementor-section-height-default elementor-section-height-default\" data-id=\"3167039\" data-element_type=\"section\" data-settings=\"{&quot;background_background&quot;:&quot;classic&quot;}\">\n\t\t\t\t\t\t\t<div class=\"elementor-background-overlay\"><\/div>\n\t\t\t\t\t\t\t<div class=\"elementor-container elementor-column-gap-default\">\n\t\t\t\t\t<div class=\"elementor-column elementor-col-100 elementor-top-column elementor-element elementor-element-4d90c05\" data-id=\"4d90c05\" data-element_type=\"column\">\n\t\t\t<div class=\"elementor-widget-wrap elementor-element-populated\">\n\t\t\t\t\t\t<div class=\"elementor-element elementor-element-544d4e5 elementor-widget elementor-widget-heading\" data-id=\"544d4e5\" data-element_type=\"widget\" data-widget_type=\"heading.default\">\n\t\t\t\t<div class=\"elementor-widget-container\">\n\t\t\t\t\t<h2 class=\"elementor-heading-title elementor-size-default\">\u00bfQui\u00e9nes somos?<\/h2>\t\t\t\t<\/div>\n\t\t\t\t<\/div>\n\t\t\t\t<div class=\"elementor-element elementor-element-99736f0 elementor-widget elementor-widget-text-editor\" data-id=\"99736f0\" data-element_type=\"widget\" data-widget_type=\"text-editor.default\">\n\t\t\t\t<div class=\"elementor-widget-container\">\n\t\t\t\t\t\t\t\t\t<p>Profesionales en vivienda con m\u00e1s de 20 a\u00f1os de experiencia en el ramo inmobiliario y m\u00e1s de 15,000 clientes satisfechos<\/p>\t\t\t\t\t\t\t\t<\/div>\n\t\t\t\t<\/div>\n\t\t\t\t<div class=\"elementor-element elementor-element-e05b4e5 elementor-widget elementor-widget-image\" data-id=\"e05b4e5\" data-element_type=\"widget\" data-widget_type=\"image.default\">\n\t\t\t\t<div class=\"elementor-widget-container\">\n\t\t\t\t\t\t\t\t\t\t\t\t\t\t\t<img fetchpriority=\"high\" decoding=\"async\" width=\"612\" height=\"389\" src=\"https:\/\/myrealtors.com.mx\/wp-content\/uploads\/2023\/02\/istockphoto-1143714045-612x612-1.jpg\" class=\"attachment-full size-full wp-image-17718\" alt=\"\" srcset=\"https:\/\/myrealtors.com.mx\/wp-content\/uploads\/2023\/02\/istockphoto-1143714045-612x612-1.jpg 612w, https:\/\/myrealtors.com.mx\/wp-content\/uploads\/2023\/02\/istockphoto-1143714045-612x612-1-300x191.jpg 300w, https:\/\/myrealtors.com.mx\/wp-content\/uploads\/2023\/02\/istockphoto-1143714045-612x612-1-496x315.jpg 496w\" sizes=\"(max-width: 612px) 100vw, 612px\" \/>\t\t\t\t\t\t\t\t\t\t\t\t\t\t\t<\/div>\n\t\t\t\t<\/div>\n\t\t\t\t\t<\/div>\n\t\t<\/div>\n\t\t\t\t\t<\/div>\n\t\t<\/section>\n\t\t\t\t<section class=\"elementor-section elementor-top-section elementor-element elementor-element-619b01a elementor-section-boxed elementor-section-height-default elementor-section-height-default\" data-id=\"619b01a\" data-element_type=\"section\" data-settings=\"{&quot;background_background&quot;:&quot;classic&quot;}\">\n\t\t\t\t\t\t\t<div class=\"elementor-background-overlay\"><\/div>\n\t\t\t\t\t\t\t<div class=\"elementor-container elementor-column-gap-default\">\n\t\t\t\t\t<div class=\"elementor-column elementor-col-50 elementor-top-column elementor-element elementor-element-2b81849\" data-id=\"2b81849\" data-element_type=\"column\">\n\t\t\t<div class=\"elementor-widget-wrap elementor-element-populated\">\n\t\t\t\t\t\t<div class=\"elementor-element elementor-element-e207dd5 elementor-widget elementor-widget-heading\" data-id=\"e207dd5\" data-element_type=\"widget\" data-widget_type=\"heading.default\">\n\t\t\t\t<div class=\"elementor-widget-container\">\n\t\t\t\t\t<h2 class=\"elementor-heading-title elementor-size-default\">\u00bfQu\u00e9 nos hace diferentes?\n\n<\/h2>\t\t\t\t<\/div>\n\t\t\t\t<\/div>\n\t\t\t\t<div class=\"elementor-element elementor-element-644b0b5 elementor-widget elementor-widget-text-editor\" data-id=\"644b0b5\" data-element_type=\"widget\" data-widget_type=\"text-editor.default\">\n\t\t\t\t<div class=\"elementor-widget-container\">\n\t\t\t\t\t\t\t\t\t<p>Garantizamos todos los tr\u00e1mites de manera segura y legal.<br \/>Contamos con Asesores Certificados en el Ramo Inmobiliario. Adem\u00e1s, contamos con el respaldo de un bufete de abogados especialistas en materia civil y penal para darte certeza en todo tu proceso<\/p>\t\t\t\t\t\t\t\t<\/div>\n\t\t\t\t<\/div>\n\t\t\t\t\t<\/div>\n\t\t<\/div>\n\t\t\t\t<div class=\"elementor-column elementor-col-50 elementor-top-column elementor-element elementor-element-b601b26\" data-id=\"b601b26\" data-element_type=\"column\">\n\t\t\t<div class=\"elementor-widget-wrap elementor-element-populated\">\n\t\t\t\t\t\t<div class=\"elementor-element elementor-element-0e217bb elementor-widget elementor-widget-image\" data-id=\"0e217bb\" data-element_type=\"widget\" data-widget_type=\"image.default\">\n\t\t\t\t<div class=\"elementor-widget-container\">\n\t\t\t\t\t\t\t\t\t\t\t\t\t\t\t<img decoding=\"async\" width=\"780\" height=\"773\" src=\"https:\/\/myrealtors.com.mx\/wp-content\/uploads\/2023\/02\/Captura-2.png\" class=\"attachment-full size-full wp-image-17786\" alt=\"\" srcset=\"https:\/\/myrealtors.com.mx\/wp-content\/uploads\/2023\/02\/Captura-2.png 780w, https:\/\/myrealtors.com.mx\/wp-content\/uploads\/2023\/02\/Captura-2-300x297.png 300w, https:\/\/myrealtors.com.mx\/wp-content\/uploads\/2023\/02\/Captura-2-150x150.png 150w, https:\/\/myrealtors.com.mx\/wp-content\/uploads\/2023\/02\/Captura-2-768x761.png 768w, https:\/\/myrealtors.com.mx\/wp-content\/uploads\/2023\/02\/Captura-2-605x600.png 605w, https:\/\/myrealtors.com.mx\/wp-content\/uploads\/2023\/02\/Captura-2-496x492.png 496w\" sizes=\"(max-width: 780px) 100vw, 780px\" \/>\t\t\t\t\t\t\t\t\t\t\t\t\t\t\t<\/div>\n\t\t\t\t<\/div>\n\t\t\t\t\t<\/div>\n\t\t<\/div>\n\t\t\t\t\t<\/div>\n\t\t<\/section>\n\t\t\t\t<\/div>\n\t\t","protected":false},"excerpt":{"rendered":"<p>Nosotros \u00bfQui\u00e9nes somos? Profesionales en vivienda con m\u00e1s de 20 a\u00f1os de experiencia en el ramo inmobiliario y m\u00e1s de 15,000 clientes satisfechos \u00bfQu\u00e9 nos hace diferentes? Garantizamos todos los tr\u00e1mites de manera segura y legal.Contamos con Asesores Certificados en el Ramo Inmobiliario. Adem\u00e1s, contamos con el respaldo de un bufete de abogados especialistas en [&hellip;]<\/p>\n","protected":false},"author":1,"featured_media":0,"parent":0,"menu_order":0,"comment_status":"closed","ping_status":"closed","template":"template\/template-homepage.php","meta":{"content-type":"","footnotes":""},"class_list":["post-16650","page","type-page","status-publish","hentry"],"_links":{"self":[{"href":"https:\/\/myrealtors.com.mx\/index.php\/wp-json\/wp\/v2\/pages\/16650","targetHints":{"allow":["GET"]}}],"collection":[{"href":"https:\/\/myrealtors.com.mx\/index.php\/wp-json\/wp\/v2\/pages"}],"about":[{"href":"https:\/\/myrealtors.com.mx\/index.php\/wp-json\/wp\/v2\/types\/page"}],"author":[{"embeddable":true,"href":"https:\/\/myrealtors.com.mx\/index.php\/wp-json\/wp\/v2\/users\/1"}],"replies":[{"embeddable":true,"href":"https:\/\/myrealtors.com.mx\/index.php\/wp-json\/wp\/v2\/comments?post=16650"}],"version-history":[{"count":31,"href":"https:\/\/myrealtors.com.mx\/index.php\/wp-json\/wp\/v2\/pages\/16650\/revisions"}],"predecessor-version":[{"id":17834,"href":"https:\/\/myrealtors.com.mx\/index.php\/wp-json\/wp\/v2\/pages\/16650\/revisions\/17834"}],"wp:attachment":[{"href":"https:\/\/myrealtors.com.mx\/index.php\/wp-json\/wp\/v2\/media?parent=16650"}],"curies":[{"name":"wp","href":"https:\/\/api.w.org\/{rel}","templated":true}]}}